33*b**2 - 3719*b - 4882. Calculate v(92).
-6
Let j(w) = -w**2 + 55506*w + 499751. Calculate j(-9).
116
Let w(b) = -3*b**2 - 305859*b - 2140859. Calculate w(-7).
7
Let y(f) = -145*f + 24540. Give y(169).
35
Let k(q) = q**2 - 1245*q - 13969. Calculate k(-11).
-153
Let t(s) = -4611*s - 87584. Determine t(-19).
25
Let x(f) = -2*f**2 - 1085*f + 106252. Determine x(85).
-423
Let k(h) = 8*h**2 + 727*h + 189. Calculate k(-92).
1017
Let r(u) = 223*u - 2771. Determine r(13).
128
Let v(c) = 100*c**2 + 59*c + 154. Determine v(3).
1231
Let m(s) = -5*s**3 + 51*s**2 - 964*s + 6052. What is m(7)?
88
Let i(t) = -433*t - 55895. Calculate i(-129).
-38
Let x(q) = 6*q**3 + q**2 + 1226*q + 1228. Give x(-1).
-3
Let v(g) = -2*g**3 + 17*g**2 + 21*g - 29. What is v(12)?
-785
Let m(x) = x**3 - x**2 + 176*x + 5369. Calculate m(-14).
-35
Let z(r) = -r**3 - 167*r**2 + 59850*r - 32. Determine z(175).
-32
Let r(z) = 56051*z - 4259848. Calculate r(76).
28
Let n(y) = -23*y**3 + 183*y**2 + 13*y - 26. Calculate n(8).
14
Let x(y) = -160*y**2 - 6254*y - 27690. Give x(-34).
-14
Let g(f) = -2*f**2 - 216*f + 165. Calculate g(0).
165
Let m(b) = 50*b**2 - 5461*b + 1260. Determine m(109).
61
Let h(c) = -6*c**3 + 553*c**2 + 5011*c - 469468. Determine h(92).
8
Let c(s) = 3*s**2 - 9074*s - 284145. What is c(-31)?
32
Let q(k) = 69*k + 232. What is q(-2)?
94
Let h(y) = 25*y**3 + 49*y**2 + 125*y - 47. Give h(-3).
-656
Let a(f) = -86*f - 5669. Give a(-55).
-939
Let c(y) = -2948481*y + 29484814. Give c(10).
4
Let q(i) = 91113*i + 273312. Calculate q(-3).
-27
Let j(n) = n**3 - 20*n**2 - 157*n - 848. Give j(27).
16
Let d(z) = -697*z + 180485. What is d(259)?
-38
Let v(m) = m**3 + 563*m**2 + 3851*m - 279. What is v(-7)?
8
Let v(m) = 316*m + 32134. Give v(-102).
-98
Let q(r) = 255*r + 64753. What is q(-254)?
-17
Let t(d) = 2*d**3 - 65*d**2 - 1347*d + 36937. Calculate t(20).
-3
Let y(b) = 93*b - 10805. Determine y(116).
-17
Let t(u) = 7221*u - 101082. Determine t(14).
12
Let m(j) = 13976*j - 642911. Calculate m(46).
-15
Let v(w) = 2*w**3 + 25*w**2 + 52*w + 156. Calculate v(-8).
316
Let p(k) = 284*k + 5725. Calculate p(-8).
3453
Let a(r) = r**3 + 129*r**2 - 4014*r + 2510. Give a(-155).
30
Let c(i) = 339*i**2 + 289*i - 19. Calculate c(3).
3899
Let g(t) = 6*t**2 - 1082*t - 5458. Calculate g(-5).
102
Let k(a) = -2*a**3 - 252*a**2 + 262*a + 856. Give k(-127).
-160
Let n(q) = -106*q**2 - 6142*q + 207. Give n(-58).
-141
Let d(p) = -2*p**3 - 72*p**2 + 304*p + 10950. Determine d(-36).
6
Let g(r) = r**2 - 701*r + 40763. Determine g(637).
-5
Let n(c) = 52*c**3 - 7*c**2 + 1951*c - 5843. What is n(3)?
1351
Let v(l) = -4*l**2 + 424*l + 191. Give v(105).
611
Let d(f) = 2*f**3 - 88*f**2 + 104*f + 286. Calculate d(42).
-2402
Let w(v) = 65*v**2 + 10*v + 31. Calculate w(7).
3286
Let u(o) = 9455*o + 9479. Determine u(-1).
24
Let a(i) = -2*i**3 + 123*i**2 - 414*i - 6. Give a(58).
-470
Let n(y) = -3*y**2 - 421*y + 4167. Determine n(9).
135
Let z(s) = -94*s**2 + 2243*s + 300. Determine z(24).
-12
Let c(w) = 1698*w + 279825. Give c(-165).
-345
Let x(i) = i**2 + 1771018*i - 92095640. Calculate x(52).
0
Let b(g) = 2093*g + 8538. What is b(-4)?
166
Let q(y) = -8*y**2 - 1267*y - 41346. What is q(-46)?
8
Let x(u) = -514*u + 7753. What is x(15)?
43
Let s(o) = 4785*o - 14379. Determine s(3).
-24
Let a(n) = n**3 - 34*n**2 - 1139*n + 39247. Give a(35).
607
Let x(w) = -11*w**2 + 25*w + 1. Determine x(8).
-503
Let x(r) = -29465*r**2 + 1414323*r - 157. Calculate x(48).
-13
Let l(c) = -282*c - 52718. What is l(-187)?
16
Let n(c) = 3017*c - 947274. What is n(314)?
64
Let r(u) = -2451*u**3 + 5*u**2 - 5*u - 9. Calculate r(-1).
2452
Let n(s) = s**2 + 5207*s - 809069. Give n(151).
-11
Let x(t) = 16*t**3 + 3*t**2 + 191*t - 757. Determine x(4).
1079
Let z(r) = r**2 + 50*r + 460. Determine z(-12).
4
Let r(m) = -m**3 - 26*m**2 + 5326*m + 1573. Calculate r(-87).
-80
Let d(p) = -20*p**3 + 220*p**2 + 352*p - 3868. Calculate d(11).
4
Let b(x) = 53*x**2 - 122641*x + 120266. What is b(2313)?
-10
Let n(b) = -29*b**3 + b**2 - 16*b - 68. Determine n(-4).
1868
Let w(c) = -2*c**2 + 410*c - 16840. What is w(62)?
892
Let y(m) = 4*m**3 + 1237*m**2 + 344*m + 10824. Determine y(-309).
9
Let r(h) = 2293*h + 6582. Calculate r(-2).
1996
Let s(m) = 6*m**2 + 1195*m - 3594. Calculate s(3).
45
Let h(y) = -6*y**2 + 126*y + 349. Calculate h(33).
-2027
Let h(l) = 7*l**2 - 17438*l + 104649. Calculate h(6).
273
Let w(h) = -41*h - 3469. Give w(-86).
57
Let d(x) = 4*x**2 - 3189*x + 46416. Calculate d(15).
-519
Let p(n) = 6354576*n + 31772881. Determine p(-5).
1
Let g(v) = -3779*v + 86. What is g(-1)?
3865
Let z(f) = f**3 + 3*f**2 + 143*f + 572. Calculate z(-4).
-16
Let r(z) = 1435*z - 921268. Calculate r(642).
2
Let a(l) = -2*l**2 + 3262*l + 164649. Give a(-49).
9
Let j(z) = 59*z**2 + 936*z - 1137. Determine j(-17).
2
Let v(k) = -k**3 - 138*k**2 - 2356*k - 18. Determine v(-118).
-490
Let h(g) = g**3 - 84*g**2 - 2129*g + 5078. Calculate h(104).
-18
Let v(x) = -330*x - 16044. Calculate v(-49).
126
Let u(h) = h**3 - 170*h**2 - 1152*h - 15391. Determine u(177).
8
Let r(h) = -258941*h - 2330461. Give r(-9).
8
Let n(h) = -262616*h + 5252316. Calculate n(20).
-4
Let u(k) = k**2 - 3438*k - 55265. Calculate u(-16).
-1
Let r(f) = -148*f**3 + 2*f**2 - 44*f - 101. Calculate r(-2).
1179
Let z(h) = h**3 + 89*h**2 + 16*h + 18446. Determine z(-91).
428
Let f(c) = 140919*c - 6200440. What is f(44)?
-4
Let a(o) = o**3 - 24*o**2 + 37*o + 1522. Determine a(13).
144
Let q(j) = 76*j + 1450. Determine q(-28).
-678
Let z(r) = -26*r**2 + 4870*r - 6305. Determine z(186).
19
Let h(r) = -r**3 + 153*r**2 - 4913*r - 7265. What is h(106)?
49
Let c(v) = v**3 - 79*v + 314. Give c(4).
62
Let t(i) = -24*i**2 + 2490*i + 5675. Determine t(106).
-49
Let r(w) = w**3 + 227*w**2 + 9336*w + 278. Determine r(-173).
1316
Let s(l) = -32*l**2 + 3*l + 60. Calculate s(7).
-1487
Let t(v) = -1914*v - 36384. Determine t(-20).
1896
Let i(m) = m**3 + 70*m**2 - 26*m + 10177. Give i(-72).
1681
Let a(l) = l**3 + 4*l**2 + 15350*l + 123045. What is a(-8)?
-11
Let i(m) = -m**3 + 24*m**2 + 580*m - 17226. Calculate i(31).
-5973
Let c(h) = -21*h**2 - 1173*h + 7801. What is c(6)?
7
Let u(k) = -k**3 + 363*k**2 - 1093*k + 4694. Give u(360).
14
Let q(u) = -u**2 - 474*u - 26743. What is q(-63)?
-850
Let i(z) = -8*z**2 - 48*z + 42. Give i(-5).
82
Let f(v) = v**2 + 10726*v - 333464. Give f(31).
3
Let h(t) = 3382*t + 3693007. Determine h(-1092).
-137
Let x(r) = -65828*r + 921540. Determine x(14).
-52
Let p(u) = -4239*u - 131366. Calculate p(-31).
43
Let z(i) = -247*i + 3711. Determine z(15).
6
Let l(q) = 428*q + 122717. Determine l(-287).
-119
Let f(l) = 5*l**3 + 310*l**2 - 378*l - 3980. Give f(-63).
-11
Let t(o) = 59459*o**2 + 297285*o - 48. Give t(-5).
2
Let h(u) = u**2 - 2354*u + 696422. Determine h(347).
-7
Let m(k) = 10514*k + 377649. Calculate m(-36).
-855
Let c(l) = -l**3 + 40*l**2 - 385*l + 94. What is c(27)?
-824
Let k(m) = -2*m**3 - 230*m**2 + 236*m + 164. Give k(-116).
-300
Let f(r) = r**3 - 18*r**2 + 51*r + 2. Give f(13).
-180
Let k(x) = 8*x**3 + 9*x**2 + 17*x - 13. Determine k(-2).
-75
Let f(m) = -m**3 + 10*m**2 - 912*m + 3521. Determine f(4).
-31
Let h(o) = 14639*o - 10510804. Determine h(718).
-2
Let f(t) = -t**2 + 111*t + 2945. Calculate f(133).
19
Let p(d) = 41313*d + 1032832. Give p(-25).
7
Let u(f) = 206*f + 24003. What is u(-117)?
-99
Let q(p) = 2*p**2 + 3640*p + 327905. Give q(-95).
155
Let u(s) = -s**3 - 13*s**2 + 1159*s + 17637. Calculate u(-32).
5
Let n(z) = -2*z**2 + 5802*z - 109522. Determine n(19).
-6
Let o(p) = -6*p**2 + 6126*p + 55631. Give o(-9).
11
Let j(z) = 334*z**3 + 60789*z**2 + 185*z + 559. What is j(-182)?
13
Let c(o) = -649*o + 5921. What is c(3)?
3974
Let b(n) = 21948*n + 241039. What is b(-11)?
-389
Let t(j) = 2*j**3 + 12*j**2 + 434*j + 3399. Calculate t(-8).
-329
Let z(g) = 40*g**2 + 6171*g + 1692. Calculate z(-154).
-2
Let u(a) = 22971*a + 229707. Determine u(-10).
-3
Let z(j) = -j**2 - 627*j - 55966. What is z(-519)?
86
Let w(s) = -114*s**2 - 120*s - 240. Determine w(-2).
-456
Let v(a) = 2*a**2 + 6*a - 3092. Determine v(-42).
184
Let w(r) = 271*r + 37399. What is w(-138)?
1
Let r(d) = -1527*d**3 - 25*d**2 - 23*d + 5. Give r(1).
-1570
Let u(p) = -p**3 - 37*p**2 - 46*p - 1181. Determine u(-36).
-8